7741?
9
What is the millions digit of 896268066?
6
What is the tens digit of 6101?
0
What is the hundred millions digit of 334907531?
3
What is the ten thousands digit of 10867004?
6
What is the hundred millions digit of 648686963?
6
What is the hundred millions digit of 464481534?
4
What is the units digit of 3732642861?
1
What is the hundred thousands digit of 597340729?
3
What is the thousands digit of 1130910851?
0
What is the ten thousands digit of 57544008?
4
What is the tens digit of 893861616?
1
What is the hundred thousands digit of 122022431?
0
What is the thousands digit of 3967471917?
1
What is the ten thousands digit of 42838068?
3
What is the hundred millions digit of 169220015?
1
What is the hundred millions digit of 526078081?
5
What is the thousands digit of 3652505079?
5
What is the millions digit of 63934213?
3
What is the hundreds digit of 771762143?
1
What is the ten millions digit of 58169787?
5
What is the ten millions digit of 12976227?
1
What is the units digit of 92004911?
1
What is the hundred thousands digit of 20289906?
2
What is the ten thousands digit of 276720576?
2
What is the thousands digit of 277760382?
0
What is the units digit of 103321901?
1
What is the hundreds digit of 47924782?
7
What is the hundreds digit of 2952449705?
7
What is the units digit of 47260880?
0
What is the hundred thousands digit of 186015477?
0
What is the ten thousands digit of 89252084?
5
What is the hundred thousands digit of 1928582179?
5
What is the millions digit of 158457924?
8
What is the hundred thousands digit of 77379266?
3
What is the hundred thousands digit of 35016017?
0
What is the units digit of 135322996?
6
What is the millions digit of 125456501?
5
What is the millions digit of 292211590?
2
What is the tens digit of 2830646474?
7
What is the hundreds digit of 25238220?
2
What is the hundred thousands digit of 169351385?
3
What is the units digit of 173642261?
1
What is the hundreds digit of 433788933?
9
What is the thousands digit of 4565654721?
4
What is the ten thousands digit of 181452642?
5
What is the thousands digit of 38656041?
6
What is the millions digit of 120474895?
0
What is the units digit of 117201478?
8
What is the thousands digit of 168455860?
5
What is the thousands digit of 13396395?
6
What is the tens digit of 838865407?
0
What is the hundreds digit of 377417160?
1
What is the millions digit of 4595404882?
5
What is the thousands digit of 11661986?
1
What is the millions digit of 3038309480?
8
What is the thousands digit of 310472810?
2
What is the units digit of 3393077149?
9
What is the ten thousands digit of 1053389610?
8
What is the hundred thousands digit of 58795065?
7
What is the millions digit of 34937910?
4
What is the ten thousands digit of 50624256?
2
What is the ten millions digit of 214096445?
1
What is the hundred millions digit of 1780934125?
7
What is the thousands digit of 502542967?
2
What is the hundreds digit of 131213318?
3
What is the units digit of 147230509?
9
What is the units digit of 213218223?
3
What is the ten millions digit of 205585060?
0
What is the ten millions digit of 1730750625?
3
What is the ten thousands digit of 1493045793?
4
What is the units digit of 1795919934?
4
What is the ten thousands digit of 50412753?
1
What is the tens digit of 618398372?
7
What is the hundreds digit of 44565647?
6
What is the hundreds digit of 1231235422?
4
What is the thousands digit of 995883065?
3
What is the millions digit of 11041538?
1
What is the units digit of 838770731?
1
What is the thousands digit of 129587063?
7
What is the millions digit of 709550928?
9
What is the hundreds digit of 239672627?
6
What is the hundreds digit of 1155868026?
0
What is the ten thousands digit of 1732727202?
2
What is the ten thousands digit of 795271462?
7
What is the thousands digit of 47469565?
9
What is the tens digit of 120163332?
3
What is the hundred millions digit of 1016263038?
0
What is the tens digit of 22874917?
1
What is the ten thousands digit of 248293455?
9
What is the hundred thousands digit of 210816000?
8
What is the ten millions digit of 297382893?
9
What is the units digit of 857129146?
6
What is the hundred millions digit of 513725639?
5
What is the thousands digit of 11694068?
4
What is the units digit of 1198330578?
8
What is the thousands digit of 45274761?
4
What is the thousands digit of 344113239?
3
What is the hundred thousands digit of 1599670066?
6
What is the thousands digit of 108558919?
8
What is the hundred thousands digit of 25421360?
4
What is the ten millions digit of 1442638653?
4
What is the ten millions digit of 367134952?
6
What is the ten millions digit of 39892442?
3
What is the ten thousands digit of 286383833?
8
What is the tens digit of 346089001?
0
What is the hundreds digit of 22436325?
3
What is the hundred thousands digit of 7227332671?
3
What is the tens digit of 161496959?
5
What is the thousands digit of 414684689?
4
What is the ten thousands digit of 3884392623?
9
What is the hundred thousands digit of 414892250?
8
What is the thousands digit of 22839435?
9
What is the tens digit of 24067271?
7
What is the tens digit of 2675269252?
5
What is the ten thousands digit of 7073242784?
4
What is the hundreds digit of 509976149?
1
What is the units digit of 846759510?
0
What is the ten millions digit of 476332682?
7
What is the ten millions digit of 81397604?
8
What is the ten millions digit of 2597614998?
9
What is the thousands digit of 32322214?
2
What is the units digit of 1969845994?
4
What is the units digit of 543737957?
7
What is the units digit of 340425479?
9
What is the hundreds digit of 5664026421?
4
What is the hundred thousands digit of 3187884806?
8
What is the hundred thousands digit of 82807716?
8
What is the units digit of 98420407?
7
What is the millions digit of 8597260?
8
What is the hundreds digit of 820393?
3
What is the millions digit of 53508717?
3
What is the ten thousands digit of 56982641?
8
What is the hundreds digit of 101953138?
1
What is the hundreds digit of 33947835?
8
What is the thousands digit of 659202884?
2
What is the hundred thousands digit of 22398688?
3
What is the units digit of 396541610?
0
What is the ten millions digit of 369865069?
6
What is the units digit of 789117335?
5
What is the hundred thousands digit of 61124663?
1
What is the hundreds digit of 2604628105?
1
What is the hundreds digit of 7837619?
6
What is the millions digit of 1839929227?
9
What is the thousands digit of 1271790892?
0
What is the ten millions digit of 200965534?
0
What is the thousands digit of 56825375?
5
What is the millions digit of 1723417343?
3
What is the hundreds digit of 57674537?
5
What is the hundred millions digit of 117012793?
1
What is the thousands digit of 1042552206?
2
What is the units digit of 6063255418?
8
What is the hundred millions digit of 216345176?
2
What is the hundreds digit of 51840708?
7
What is the thousands digit of 23342264?
2
What is the hundred thousands digit of 28650749?
6
What is the ten thousands digit of 51203609?
0
What is the hundreds digit of 36015254?
2
What is the thousands digit of 85653167?
3
What is the ten millions digit of 52145873?
5
What is the units digit of 5704360664?
4
What is the millions digit of 170334008?
0
What is the hundred thousands digit of 783910623?
9
What is the ten thousands digit of 2361956378?
5
What is the units digit of 2372223605?
5
What is the ten thousands digit of 273863353?
6
What is the ten thousands digit of 1246944250?
4
What is the millions digit of 124019000?
4
What is the thousands digit of 5595578088?
8
What is the ten thousands digit of 27014679?
1
What is the millions digit of 5313882446?
3
What is the units digit of 216937411?
1
What is the hundreds digit of 4990854444?
4
What is the hundred thousands digit of 929057631?
0
What is the ten millions digit of 148822620?
4
What is the units digit of 81179638?
8
What is the millions digit of 1269239298?
9
What is the hundred thousands digit of 305772814?
7
What is the millions digit of 63459516?
3
What is the millions digit of 472158367?
2
What is the hundred thousands digit of 92661783?
6
What is the tens digit of 125417889?
8
What is the thousands digit of 90928615?
8
What is the ten th